Evaluate (1 - -14) + (105 - 133) + (-3 - 30).
-46
What is 34 + -47 - (-7 + -1 + 24)?
-29
Calculate -2 + 74 + 33 + 1 + -81 + 32.
57
What is -76 + (104 - (-1 - 50)) - (-15 - 0)?
94
Evaluate (-4 - (10 - (1 - -96)) - -7) + 0 + -10.
80
What is the value of 10 + -37 - -141 - (3 + -5 + -8)?
124
Evaluate -1 + 6 - (-61 + 136) - (16 - -10 - 15).
-81
122 + (0 - (20 + (4 - -6)))
92
What is the value of 1 - -3 - ((90 - 83) + -5 + -7 - -28)?
-19
What is -11 + (21 - 4 - 8) - (-1 - 3)?
2
Evaluate 6 + -16 + (-9 - (2 + (1 - 8))).
-14
15 - (15 + 67 + -10 + -16) - (-14 - -2)
-29
What is (16140 - 16148) + -82 + (2 - 1)?
-89
What is 43 - (52 + -66 - (-20 - 0))?
37
What is the value of -23 - (7 - (-18 + (24 - 3)))?
-27
Calculate 5486 + -5475 - ((75 - -6) + -3 + 0).
-67
-26 + -15 + 70 + 4 - 4
29
Calculate -8 - (15 - -20) - ((-40 + 9 - -10) + 12).
-34
What is -110 + -60 + 88 - -78?
-4
Evaluate -1 + 24 - ((-1 - -1) + (1 - (24 + -25))).
21
Calculate (1 - (0 + 29)) + (-91 + 52 - (-43 - 3)).
-21
What is (-1 - 12 - (-336 - -288)) + 1 + -2?
34
Calculate -2 - 124 - ((15 - 18) + 0 + 3 + 4).
-130
What is -31 - ((29 - -43) + -41)?
-62
(-93 - 2) + 3457 + -3349
13
Evaluate (7 - (4 - 4)) + (29 + -17 - 43).
-24
What is (-12 + (33 - 16) - (-106 + -3)) + 4 + 0?
118
What is the value of (-1 - 2 - 10) + -3 + 9 + (19 - 1)?
11
18 + (6 - 8) + (37 + -46 - 8)
-1
What is the value of -55 + -18 + (-12 - -11) + 6 + 7?
-61
What is the value of 6 + (0 - 0) - ((-56 - -15) + (99 - 6))?
-46
What is the value of -36 - (5 + 5 + -22 + 2 + 7)?
-33
What is the value of 78 + 8 - 131 - ((-2 - -2) + -9 - 1)?
-35
Calculate -3 - -8 - (70 + 13 + -38 + 43).
-83
What is (45 - (14 + -4) - (4 + 11)) + -8 + 0?
12
Calculate -10 + (3 - 1 - 14 - (77 - (14 + 67))).
-18
-106 + 148 + 40 + (0 + -2 - (-3 - -2))
81
Evaluate -12 + -19 + 23 + 8 + -14.
-14
-5 + 5 + 30 + (-1 - (9 - 4))
24
What is the value of 14 + (1 - 0) - 16?
-1
What is the value of 70 + -16 + -39 - (5 - 2 - 5)?
17
What is -27 + (-16 - -57) + -45 + 20?
-11
Calculate 13334 - 13349 - (1 - (106 + 0 + -1 + -1)).
88
Evaluate ((9 - 6) + -12 - -11) + -20 + 7 - 13.
-24
What is the value of 0 + 40 + (10 - (0 - (-23 + 9)))?
36
What is the value of 1 + 4 + 1 + (58 - 15) + -43?
6
Calculate 41 - (-29 + (21 - -13) - 22).
58
Calculate (-11 - 15 - -6) + -13.
-33
What is 25 + 55 + -72 - (-1 + -1) - (0 - -14)?
-4
What is the value of 38 + 68 + -96 + 2 + 10?
22
What is the value of 86 + -151 + 77 - (-22 + -1)?
35
Calculate (-21 - -14) + (23 - 13 - -45).
48
-4 + -2 - ((-19 - (-5 - (-6 - -9))) + 6)
-1
Evaluate -19 + (8 - 31 - -14) + -67.
-95
Evaluate -3 + (-10 - 0) - (59 - 71).
-1
Evaluate 40 + (72 - 35) + -44 + -71.
-38
What is the value of -24 - -32 - (1 + -8) - 25 - -33?
23
What is (-20 + 3 - ((-7 - 23) + -7)) + 38?
58
What is (107 - (96 - 85)) + -17?
79
Calculate 42 + -22 + (15 - (101 + 5) - -8).
-63
What is the value of ((20 - -4 - 18) + 5 - (8 + -2)) + -24?
-19
1 - (-8 - (-9 + 9) - (-8 - -22))
23
Evaluate 38626 - 38589 - ((-18 - 0) + 0).
55
What is the value of 1071 - 1079 - (-47 - (1 + -1)) - (9 + 5)?
25
What is -7 + 21 + (-5 - -11) - 12?
8
4 + (-7 - -31) + (-77 - -91)
42
Calculate -7 - -2 - 2 - (5 + -21 - -37 - 13).
-15
Evaluate 119 - 148 - (-13 + -51).
35
Calculate -1 + (2 - (0 - -18)) - (-126 + 126).
-17
What is the value of 12 + (0 - -1) - (229 + 11 + -193)?
-34
What is the value of -5 + 1 + (74 - (45 - -2)) - 130?
-107
74 + -68 - 102 - -105
9
Evaluate -14 + 4 - (61 - (77 + -34)).
-28
Evaluate (-30 - -20 - (-200 - -171)) + (0 - -15).
34
Evaluate -43 - (-10 - ((-12 - -7 - 5) + 6)).
-37
Evaluate -64 - (15 + -82) - (-15 + -1).
19
Calculate (-38 + 96 - 14) + -17.
27
What is (0 + (4 - 0) - (84 - 25 - 24)) + 7?
-24
Calculate (9 - (-28 - 17)) + 6 + 2 + -12.
50
Calculate 46 - (-23 - 60 - -169).
-40
Evaluate -5 - (10 + 0 + -25) - (-5 + -3 + 1).
17
What is the value of -3 - -33 - (205 + -163)?
-12
(31 + -13 - 6) + -17 - -40
35
Evaluate 0 + (-31 - (-62 + 11)).
20
What is the value of 0 + ((-11 + 10 - -6) + -6 - (-5 + 12))?
-8
What is the value of -6 + 4 + -7 + (32 - -24) - (1 + 2)?
44
Evaluate 40 + -31 + -8 + 14 + -89.
-74
What is the value of 0 + -51 + 1 - ((6 - -6) + 31 + -32)?
-61
What is 29 + (-63 - (23 + -32) - -10)?
-15
-18 - (18 + 0 + -11 - (119 + -15))
79
What is 3 + -13 + 8 + -91 + (-6 - -3) + -2?
-98
13 + (-20 + 19 - 102) - (3 - -8 - -3)
-104
Evaluate (-6 - -3) + (1 - -20) + -9.
9
What is 48 + -22 + (-74 - -57)?
9
0 + 8 - (-158 + 157 + 7) - (93 - 0)
-91
Calculate 0 - (-12 + (-22 - -45)) - 26.
-37
Evaluate 3 + (-2 + 21 - -20) + -21.
21
117 - (27 - 72 - -62)
100
Evaluate (25 - -1) + -175 + 143 + 6.
0
Evaluate 64 + (-34 - -27 - (5 - 11) - -16).
79
What is the value of 16 - ((-11 + 11 - -7) + 1 + (-3 - -3))?
8
Calculate 72 + -8 + 2 - (2 + -11 + -1).
76
(-98 - -4 - (-20 + (-18 - -18) - -29)) + 8
-95
Evaluate -11 + 20 + -17 - -61 - 13.
40
Calculate (-21 - (-37 - -37)) + 11 + 25.
15
What is the value of -29 + -17 - (-146 - -64)?
36
Evaluate -8 - (73 + -1 - 84).
4
Evaluate 32213 + -32141 - (-40 + 1).
111
What is -5 - (-20 - -1 - (-534 + 520)) - 64?
-64
What is the value of 47 + -163 - -204 - (3 - 41)?
126
Calculate -10 + -6 - -8 - (-41 - -98 - (-1 + 1)).
-65
-61 - (22 + -8 + -7 + 13 + -15 - 8)
-58
What is the value of 3138 + -3118 - (0 - -13)?
7
67 - 46 - (4 - (-4 - 9))
4
What is (1 + 1 - -3) + 16 + -9 + 5 + -88?
-71
What is the value of 0 - (-9 + -1 + -3 + 69 + -35)?
-21
Evaluate 68 - (-2 - 2 - ((1 - -3) + -7)) - -7.
76
Calculate -24 + (-7 - -33) + -12 - (-1 + -5) - -11.
7
Calculate -15 + (13 - -20) - (2 + 45).
-29
2 - ((13 - 60) + 52) - (-1 + 1 + 56)
-59
Evaluate (5 - 14 - 3 - -4) + (-8 - -5) + 0.
-11
What is the value of -68 + (81 - (-38 + 48))?
3
Evaluate 12 + (65 - (78 + -43 - 57)).
99
(-7 - ((-16 - -35) + 23)) + -14 + 0
-63
What is the value of 52 - (1 - -31) - (0 + 39)?
-19
Evaluate 24 + (6 - 6 - (4 + -2 + 8 + -7)).
21
62 + -10 + 19 + -84
-13
-7 - (44 - 72) - -8
29
What is the value of 39 - (19 + (-21 + 19 - -22) - 18)?
18
Evaluate (9 - (-61 - -54)) + -10.
6
(-7 - -13 - -26 - -10) + (-6 - 1)
35
Evaluate -3 + 66 + -3 + 2 + (17 - 13) + 0.
66
Calculate (2 + -17 - 0 - (34 - (-30 - -73))) + 4.
-2
What is 17 + (66 - 71) + (0 + -5 - -9) + -20?
-4
Evaluate 354 + -360 + 65 + 1 + (-9 - (-1 + -3)).
55
Calculate 1 + 0 - -13 - (-12327 - -12329).
12
Evaluate (6 - (10 + 7)) + 5 - (-25 + -4).
23
What is the value of -1340 - -1379 - (1 + 105)?
-67
What is (1288 - 1320) + (1 - (-8 + 0 + 2) - -2)?
-23
What is -2 - (2 + -2 - (-2 + 2)) - (497 - 540)?
41
What is 10 + -4 + -30 + (-10 + 3 - -9) + -12?
-34
Calculate 41 + 12 + -7 + (-3 - (-6 + 10)).
39
What is the value of 308 + -366 + (34 - -9) - (1 - -2 - 2)?
-16
-205 + (239 - 98) - (1 - 7)
-58
What is 28 - (32 - 20) - (69 + 7)?
-60
What is 45 + 40 + -24 + -61?
0
Evaluate 28 + 16 + (-21 - 14) + 26.
35
Calculate -86 - (29 + -56) - -115.
56
Calculate 14 + (18 - 7) - (61 + -90).
54
What is (-91 + 86 - -82) + -133?
-56
Calculate -5 + -41 + (-158 - -184) + 111.
91
Calculate -2 + (-21 + -10 - -113 - 21).
59
6 - (-2 - (3 + -13)) - (57 - (4 + 3))
-52
Evaluate (3 + -15 - (-51 + 59)) + 48.
28
Evaluate (22 + -29 - (-3 - 1)) + 16 + 16 + -37.
-8
82 + (-57 - -3) + (-2 - ((-2 - -4) + 2))
22
Evaluate -78 + (-37 + 31 + -19 - -2).
-101
(-8 + -7 + 10 - (130 - 136)) + -14
-13
What is the value of 18 + -28 - (1 + -14 - (8 + 32))?
43
Evaluate 15 + -6 + 6 - (726 - 703).
-8
What is the value of 29 + -46 + 25 + 9?
17
What is 264 + -195 - (11 - 15)?
73
What is the value of 49 + 2 + (-12 + 10 - 4 - 7)?
38
Calculate -7 + 32 + (-70 + 56 - (0 - 5)).
16
Evaluate -23 - (12 - -14 - 38 - 27).
16
Calculate -65 + -20 + 59 - -30.
4
What is -4 + (-7 - (18 + -7 - -2))?
-24
Evaluate -17 + 9 + 58 - (174 - 151).
27
Calculate 56 - (-34 + 74 - 12 - 64).
92
-51 + 50 + (-20 + 68 - -21)
68
Evaluate -45 - (-11 - (-9 + 4)).
-39
What is 130 - 93 - 4 - (1 + -7 + 2)?
37
What is 45 + (65 - 58) + -27?
25
What is (-52 - -25) + 0 + (-10 - -29)?
-8
Evaluate -15 - (-58 - -43 - 12).
12
Evaluate (8 - (4 - (-9 - -12))) + 15 - 4.
18
51 - (0 + -5 + (51 + -23 - 17))
45
Calculate (-243 - -206) + 32 + -7.
-12
What is the value of -5 - -1 - (-22 + 47) - ((13 - 7) + -12)?
-23
What is 4 + ((9 - -4 - 26) + 3 - 29 - 10)?
-45
What is the value of -21 + 14 + (24 + -41 - -22)?
-2
(23 - -6) + -19 + (-46 - (27 + 